ed by 2.
0
Let s(y) = -2*y + 17. Suppose 0 = -4*l - 1 + 5. Calculate the remainder when l is divided by s(8).
0
Let i(r) = 4*r**2 + 7*r + 6. Let j be i(7). Suppose -j = -4*c + 61. Calculate the remainder when c is divided by 20.
18
Suppose b - 2*n - 2*n = -3, 2*n + 12 = -4*b. Let o = -3 - b. Suppose o*s + 31 = s. Calculate the remainder when s is divided by 11.
9
Let d be ((-26)/(-4))/((-1)/(-2)). Suppose -2*s + 9 = -d. Calculate the remainder when (-9)/(-15) + (-306)/(-15) is divided by s.
10
Suppose -2*q = -4*z + 128, -q - 1 = -3. Calculate the remainder when 195 is divided by z.
30
Suppose -2*d + 155 = 2*d + 5*c, -4*c + 70 = 2*d. Suppose 33 + 3 = 3*z. What is the remainder when d is divided by z?
9
Let j(c) = c**2 + 3*c + 3. Let a be (0 - 8/6)*3. What is the remainder when j(a) is divided by 2?
1
Let f = 10 - -2. What is the remainder when 21 is divided by f?
9
Let y(s) = -s**2 + 12*s - 16. What is the remainder when 91 is divided by y(5)?
15
Let i = 100 - 75. What is the remainder when 70 is divided by i?
20
Let y = 104 - -171. Suppose 0 = 4*k + 51 - y. Suppose 5*n = -0*d - d + 36, 2*n + k = 4*d. What is the remainder when 30 is divided by d?
14
Let o = -22 - -53. Let u be ((-8)/(-3))/(10/15). Suppose -4*r + 24 = 4*n - 0*n, 0 = u*n + 20. What is the remainder when o is divided by r?
9
Let t(s) = s**3 - 2*s**2 - 3*s + 11. Calculate the remainder when t(5) is divided by 12.
11
Let q(r) be the third derivative of -r**4/12 - r**3/3 - 2*r**2. What is the remainder when q(-10) is divided by 5?
3
Let n be 3 - (0 + -2 - -4). Calculate the remainder when 5/(3/(n - -2)) is divided by 3.
2
Suppose 0 = x + 5*x - 750. Calculate the remainder when x is divided by 42.
41
What is the remainder when 1/(3/(-78)*-2) is divided by (3 + -6 - 4)/(-1)?
6
What is the remainder when 22 is divided by 6/21 - 120/(-21)?
4
Suppose 5*m - 2*m - 177 = 0. What is the remainder when m is divided by 20?
19
Suppose 5*a - 32 = -17. What is the remainder when 28 is divided by a?
1
Let f = -16 - -18. Suppose -f*s + 110 = -0*s. What is the remainder when s is divided by 19?
17
Let d be -15*((-2)/(-2))/(-3). Let x(o) = 5. Let k(j) = -j + 11. Let w(n) = d*x(n) - 2*k(n). What is the remainder when 16 is divided by w(3)?
7
Suppose -40 = -4*f - 2*r, 21 + 5 = 4*f - 5*r. Calculate the remainder when 33 is divided by f.
6
Let m(w) be the third derivative of 7*w**4/12 + w**3/6 + 6*w**2. Calculate the remainder when m(1) is divided by 9.
6
Let f = 203 + -122. Suppose -f = -y + 4*n, 7*n - 2*n = -2*y + 227. What is the remainder when y is divided by 26?
23
Let p = -34 + 54. Let d(r) = r + 77. Suppose 0 = -3*b + b. Calculate the remainder when d(b) is divided by p.
17
Let c(f) = -16*f**3 - 2*f - 1. Let h be c(-1). Suppose -2*o - h = -3*o. Calculate the remainder when o is divided by 10.
7
Let v = 116 - 62. What is the remainder when v is divided by 28?
26
Suppose -5*j - 245 = 2*j. Let v(h) = -h**3 + 12. Calculate the remainder when v(0) is divided by (-150)/(-21) + 5/j.
5
Let r = -9 + 38. Suppose -z + 0*z = 4*a - 10, 0 = -a. What is the remainder when r is divided by z?
9
Let b(d) = -d**3 + 7*d**2 - 5*d - 4. Let t(c) = c**2 + 9*c + 10. Let r be (1/2)/(9/(-144)). What is the remainder when t(r) is divided by b(6)?
0
Suppose -69 = -5*y + 6. Suppose -2*k - 81 = -d + 2*k, -152 = -2*d + 3*k. Calculate the remainder when d is divided by y.
13
Suppose 3*f = -f + 132. Suppose -5*a + f = -87. Let c(t) = -4*t + 1. Calculate the remainder when a is divided by c(-3).
11
Let x(v) be the second derivative of -4*v**3/3 - 3*v**2/2 - v. Suppose -19 = -4*g + 33. What is the remainder when x(-5) is divided by g?
11
Let j(d) = -2*d**2 - 6*d - 7. Let m(r) = r**2 + 3*r + 3. Let y(k) = -6*j(k) - 13*m(k). What is the remainder when 8 is divided by y(-3)?
2
Let p(i) = -16*i**3 - 2*i**2 + i + 2. Calculate the remainder when 56 is divided by p(-1).
11
Let m = 51 + -172. Let q = m + 204. Calculate the remainder when 26 is divided by 4/(-18) + q/9.
8
Let h(c) = -c**3 + 6*c**2 - c + 2. Let x be h(6). Let g = -46 - -60. Calculate the remainder when 382/14 + x/g is divided by 10.
7
Let l = 23 - -58. What is the remainder when l is divided by 44?
37
Let g(o) = -o**3 + 8*o**2 + 10*o + 7. Calculate the remainder when 45 is divided by g(9).
13
Let t(w) = 2*w**2 - 11*w - 27. Let d = 14 - 6. What is the remainder when t(8) is divided by d?
5
Let c = 75 - 51. Suppose 5*j = -5*s - 10, 0 = 4*j - j + 5*s + 6. Let y = c + j. Calculate the remainder when y is divided by 8.
6
Let o(d) = 15*d**2 + 3*d + 5. Calculate the remainder when 1/2*(-134)/(-1) is divided by o(-1).
16
Let k(c) = 199*c**2 + c - 1. What is the remainder when k(-1) is divided by 66?
65
Suppose -h + 70 = 11. Calculate the remainder when h is divided by 30.
29
Let c(s) = -s**2 + 26*s - 2. Calculate the remainder when c(24) is divided by 12.
10
Let c be -5*(-1)/((-10)/(-228)). Let n = -40 + c. Suppose -3*r = -5*m - 7*r + 99, 0 = -4*m + 2*r + n. What is the remainder when 37 is divided by m?
18
Let i = 8 - 4. Suppose 0 = i*s - 2*n - 14, n + 9 = 4*s - 4. What is the remainder when ((-12)/2)/(3/(-2)) is divided by s?
1
Let f be ((-15)/(-2) + -2)*8. Suppose q + 2*l = f, -q - 3*l = 2*q - 126. Suppose -4*t + 2*t + q = 0. Calculate the remainder when 58 is divided by t.
18
Suppose 0*h = 4*h - 16. Let x(l) = -l + 6. Let k be x(h). Suppose 21 = 5*v + q, v + 0*v - k*q = 13. Calculate the remainder when 7 is divided by v.
2
Let f(q) = 12*q**2 + 2*q - 2. Suppose -4 = -x - x. What is the remainder when f(x) is divided by 17?
16
Let k = -86 + 114. What is the remainder when k is divided by 17?
11
What is the remainder when (-3 + 15/6)/(1/(-62)) is divided by 11?
9
Let o(t) = t**3 + 3*t**2 + t + 7. What is the remainder when 5 is divided by o(-3)?
1
Let l(x) = -x**3 + 11*x**2 - 20*x - 5. What is the remainder when 203 is divided by l(7)?
50
Let i(y) = -12*y + 8. Let p be i(-7). Let w = -64 + p. What is the remainder when w is divided by 15?
13
Suppose 0*z - 9*z = -216. Calculate the remainder when 95 is divided by z.
23
Let d = -98 - -121. Calculate the remainder when 68 is divided by d.
22
Let t = 27 + -13. Calculate the remainder when 37 is divided by t.
9
Let n(h) = -h**3 + 9*h**2 - 13*h - 2. Calculate the remainder when 8 is divided by n(7).
3
Suppose 0 = 3*b + 5*z - 37 - 2, 0 = 2*b - 3*z - 26. What is the remainder when (1/2)/((-1)/(-76)) is divided by b?
12
Suppose t = -2*t + 5*s + 230, 3*t - 270 = -3*s. Calculate the remainder when t is divided by 29.
27
Suppose 0 = t + 4*t - 90. Let z = t + -10. What is the remainder when 14 is divided by z?
6
Suppose o = -2*w + w + 19, 5*w = 2*o - 59. Calculate the remainder when o is divided by 5.
2
Let n(g) = -g + 18. Calculate the remainder when n(-2) is divided by 12.
8
Let s(i) = -69*i**3 + 2*i**2 + i - 1. What is the remainder when s(-1) is divided by 14?
13
Suppose s - 21 = 2*z, 19*s - 18*s = 4*z + 19. What is the remainder when (13 + -1)*15/2 is divided by s?
21
Let u = -17 + 9. Let i(f) = -f**2 - 9*f - 1. Calculate the remainder when i(u) is divided by 2.
1
Calculate the remainder when (-14)/14 - (-32 - 0) is divided by 18.
13
Let m = 107 - 60. Suppose -m - 59 = -2*k. Calculate the remainder when k is divided by 14.
11
Let l = -18 + 32. Let u = -11 + l. What is the remainder when u is divided by 1?
0
Let y(o) = 2*o - 5. Let a be (30/20)/((-3)/8). Let r(t) = t**3 + 3*t**2 - 5*t. Calculate the remainder when y(5) is divided by r(a).
1
Let w(p) = -p**2 + p - 21. Let r be w(0). Calculate the remainder when (3*13)/(r/(-14)) is divided by 9.
8
Let b(c) = c**2 - c. Let f be b(-1). Suppose 2*a + f*x - 104 = -3*x, x = 3*a - 156. What is the remainder when a is divided by 18?
16
Suppose -b + 35 = -4*q, 3*b = -5*q - 43 + 148. Calculate the remainder when b is divided by 6.
5
Suppose 2 = 3*o - 7. Suppose t - 11 = -t - 5*i, -i = -t + 2. Suppose t*a - 3*r = 21, -a - 2 + 1 = 3*r. What is the remainder when a is divided by o?
2
Suppose 0 = -3*s - 29 - 25. Let p = 31 + s. Calculate the remainder when 25 is divided by p.
12
Let p = -69 + 141. What is the remainder when p is divided by 19?
15
Suppose -2*f + 0*f + 16 = -2*u, -3*u + 8 = 5*f. Calculate the remainder when 11 is divided by f.
3
Suppose 0*m - 3*m + 129 = 0. Suppose -3*f + m + 41 = 0. Su